d by 42?
21
What is the remainder when 73 is divided by 22?
7
What is the remainder when 66 is divided by 38?
28
Calculate the remainder when 6052 is divided by 20.
12
What is the remainder when 94 is divided by 56?
38
Calculate the remainder when 224 is divided by 38.
34
What is the remainder when 405 is divided by 14?
13
What is the remainder when 209 is divided by 43?
37
What is the remainder when 3462 is divided by 230?
12
What is the remainder when 715 is divided by 261?
193
What is the remainder when 59 is divided by 47?
12
Calculate the remainder when 359 is divided by 101.
56
Calculate the remainder when 217 is divided by 50.
17
What is the remainder when 359 is divided by 91?
86
What is the remainder when 170 is divided by 14?
2
Calculate the remainder when 23202 is divided by 13.
10
What is the remainder when 184 is divided by 66?
52
What is the remainder when 96 is divided by 64?
32
What is the remainder when 145 is divided by 31?
21
What is the remainder when 2922 is divided by 61?
55
Calculate the remainder when 1625 is divided by 148.
145
What is the remainder when 108 is divided by 21?
3
What is the remainder when 2159 is divided by 310?
299
What is the remainder when 603 is divided by 313?
290
What is the remainder when 363 is divided by 36?
3
Calculate the remainder when 641 is divided by 80.
1
What is the remainder when 2669 is divided by 116?
1
What is the remainder when 4606 is divided by 159?
154
Calculate the remainder when 4019 is divided by 9.
5
Calculate the remainder when 763 is divided by 32.
27
Calculate the remainder when 332 is divided by 37.
36
Calculate the remainder when 606 is divided by 51.
45
Calculate the remainder when 1627 is divided by 10.
7
Calculate the remainder when 21 is divided by 12.
9
What is the remainder when 66 is divided by 18?
12
What is the remainder when 2337 is divided by 45?
42
Calculate the remainder when 405 is divided by 67.
3
Calculate the remainder when 527 is divided by 14.
9
What is the remainder when 307 is divided by 5?
2
What is the remainder when 29 is divided by 19?
10
What is the remainder when 104 is divided by 16?
8
Calculate the remainder when 88 is divided by 21.
4
Calculate the remainder when 1939 is divided by 195.
184
Calculate the remainder when 158 is divided by 57.
44
Calculate the remainder when 46 is divided by 3.
1
What is the remainder when 467 is divided by 36?
35
Calculate the remainder when 491 is divided by 488.
3
Calculate the remainder when 390 is divided by 44.
38
Calculate the remainder when 2042 is divided by 73.
71
Calculate the remainder when 1110 is divided by 123.
3
Calculate the remainder when 163 is divided by 1.
0
Calculate the remainder when 178 is divided by 73.
32
What is the remainder when 274 is divided by 73?
55
Calculate the remainder when 1242 is divided by 113.
112
What is the remainder when 887 is divided by 292?
11
Calculate the remainder when 4016 is divided by 1336.
8
What is the remainder when 128 is divided by 37?
17
Calculate the remainder when 808 is divided by 136.
128
Calculate the remainder when 337 is divided by 166.
5
What is the remainder when 62 is divided by 24?
14
Calculate the remainder when 496 is divided by 128.
112
What is the remainder when 603 is divided by 97?
21
Calculate the remainder when 161 is divided by 31.
6
Calculate the remainder when 289 is divided by 58.
57
What is the remainder when 103 is divided by 72?
31
What is the remainder when 1196 is divided by 120?
116
Calculate the remainder when 169 is divided by 19.
17
Calculate the remainder when 183 is divided by 20.
3
What is the remainder when 63 is divided by 44?
19
What is the remainder when 131 is divided by 2?
1
What is the remainder when 2631 is divided by 47?
46
Calculate the remainder when 244 is divided by 244.
0
What is the remainder when 162 is divided by 49?
15
Calculate the remainder when 161 is divided by 27.
26
What is the remainder when 211 is divided by 16?
3
What is the remainder when 78 is divided by 37?
4
Calculate the remainder when 347 is divided by 50.
47
Calculate the remainder when 3218 is divided by 46.
44
What is the remainder when 304 is divided by 120?
64
What is the remainder when 39785 is divided by 14?
11
Calculate the remainder when 95 is divided by 7.
4
What is the remainder when 3264 is divided by 30?
24
What is the remainder when 88 is divided by 18?
16
Calculate the remainder when 43 is divided by 11.
10
What is the remainder when 343 is divided by 50?
43
Calculate the remainder when 21 is divided by 12.
9
What is the remainder when 83 is divided by 46?
37
What is the remainder when 234 is divided by 50?
34
What is the remainder when 304 is divided by 9?
7
Calculate the remainder when 313 is divided by 67.
45
Calculate the remainder when 480 is divided by 115.
20
What is the remainder when 19 is divided by 13?
6
Calculate the remainder when 6923 is divided by 45.
38
What is the remainder when 280 is divided by 31?
1
Calculate the remainder when 418 is divided by 35.
33
What is the remainder when 1283 is divided by 11?
7
Calculate the remainder when 309 is divided by 39.
36
Calculate the remainder when 379 is divided by 37.
9
Calculate the remainder when 436 is divided by 28.
16
What is the remainder when 197 is divided by 11?
10
What is the remainder when 1372 is divided by 336?
28
Calculate the remainder when 4610 is divided by 29.
28
Calculate the remainder when 931 is divided by 28.
7
Calculate the remainder when 1284 is divided by 11.
8
Calculate the remainder when 173 is divided by 16.
13
Calculate the remainder when 18 is divided by 15.
3
What is the remainder when 52 is divided by 9?
7
Calculate the remainder when 325 is divided by 85.
70
What is the remainder when 845 is divided by 138?
17
Calculate the remainder when 3944 is divided by 43.
31
Calculate the remainder when 34 is divided by 3.
1
Calculate the remainder when 342 is divided by 87.
81
Calculate the remainder when 163 is divided by 11.
9
Calculate the remainder when 446 is divided by 11.
6
Calculate the remainder when 44 is divided by 28.
16
What is the remainder when 794 is divided by 200?
194
Calculate the remainder when 135 is divided by 68.
67
Calculate the remainder when 98 is divided by 12.
2
Calculate the remainder when 195 is divided by 54.
33
What is the remainder when 1700 is divided by 40?
20
Calculate the remainder when 45 is divided by 16.
13
What is the remainder when 186 is divided by 47?
45
What is the remainder when 425 is divided by 127?
44
Calculate the remainder when 479 is divided by 16.
15
Calculate the remainder when 112 is divided by 38.
36
What is the remainder when 306 is divided by 27?
9
What is the remainder when 470 is divided by 150?
20
What is the remainder when 377 is divided by 10?
7
Calculate the remainder when 512 is divided by 47.
42
Calculate the remainder when 322 is divided by 117.
88
Calculate the remainder when 809 is divided by 22.
17
What is the remainder when 4785 is divided by 9?
6
What is the remainder when 1084 is divided by 57?
1
What is the remainder when 163 is divided by 35?
23
Calculate the remainder when 363 is divided by 350.
13
Calculate the remainder when 1535 is divided by 254.
11
What is the remainder when 26 is divided by 17?
9
Calculate the remainder when 654 is divided by 111.
99
Calculate the remainder when 2292 is divided by 189.
24
What is the remainder when 274 is divided by 37?
15
What is the remainder when 3189 is divided by 38?
35
Calculate the remainder when 1961 is divided by 18.
17
Calculate the remainder when 805 is divided by 135.
130
What is the remainder when 371 is divided by 38?
29
Calculate the remainder when 225 is divided by 91.
43
Calculate the remainder when 277 is divided by 104.
69
What is the remainder when 67 is divided by 18?
13
Calculate the remainder when 155 is divided by 79.
76
Calculate the remainder when 66 is divided by 15.
6
What is the remainder when 114 is divided by 18?
6
Calculate the remainder when 456 is divided by 235.
221
Calculate the remainder when 77 is divided by 3.
2
Calculate the remainder when 356 is divided by 22.
4
Calculate the remainder when 67 is divided by 50.
17
Calculate the remainder when 736 is divided by 168.
64
Calculate th